[INFO] cloning repository https://github.com/RustyGecko/sensor-tracker
[INFO] running `Command { std: "git" "-c" "credential.helper=" "-c" "credential.helper=/workspace/cargo-home/bin/git-credential-null" "clone" "--bare" "https://github.com/RustyGecko/sensor-tracker" "/workspace/cache/git-repos/https%3A%2F%2Fgithub.com%2FRustyGecko%2Fsensor-tracker", kill_on_drop: false }`
[INFO] [stderr] Cloning into bare repository '/workspace/cache/git-repos/https%3A%2F%2Fgithub.com%2FRustyGecko%2Fsensor-tracker'...
[INFO] running `Command { std: "git" "rev-parse" "HEAD", kill_on_drop: false }`
[INFO] [stdout] 453510e4acec853e4a3229d488c093e91a596b69
[INFO] checking RustyGecko/sensor-tracker against master#af3c6e733a40e671550e0f0f5aeecaa13772ba56 for pr-74989
[INFO] running `Command { std: "git" "clone" "/workspace/cache/git-repos/https%3A%2F%2Fgithub.com%2FRustyGecko%2Fsensor-tracker" "/workspace/builds/worker-1/source", kill_on_drop: false }`
[INFO] [stderr] Cloning into '/workspace/builds/worker-1/source'...
[INFO] [stderr] done.
[INFO] validating manifest of git repo https://github.com/RustyGecko/sensor-tracker on toolchain af3c6e733a40e671550e0f0f5aeecaa13772ba56
[INFO] running `Command { std: "/workspace/cargo-home/bin/cargo" "+af3c6e733a40e671550e0f0f5aeecaa13772ba56" "read-manifest" "--manifest-path" "Cargo.toml", kill_on_drop: false }`
[INFO] started tweaking git repo https://github.com/RustyGecko/sensor-tracker
[INFO] finished tweaking git repo https://github.com/RustyGecko/sensor-tracker
[INFO] tweaked toml for git repo https://github.com/RustyGecko/sensor-tracker written to /workspace/builds/worker-1/source/Cargo.toml
[INFO] crate git repo https://github.com/RustyGecko/sensor-tracker already has a lockfile, it will not be regenerated
[INFO] running `Command { std: "/workspace/cargo-home/bin/cargo" "+af3c6e733a40e671550e0f0f5aeecaa13772ba56" "fetch" "--locked" "--manifest-path" "Cargo.toml", kill_on_drop: false }`
[INFO] [stderr]     Blocking waiting for file lock on package cache
[INFO] [stderr] error: the lock file /workspace/builds/worker-1/source/Cargo.lock needs to be updated but --locked was passed to prevent this
[INFO] [stderr] If you want to try to generate the lock file without accessing the network, use the --offline flag.
[INFO] the lockfile is outdated, regenerating it
[INFO] running `Command { std: "/workspace/cargo-home/bin/cargo" "+af3c6e733a40e671550e0f0f5aeecaa13772ba56" "generate-lockfile" "--manifest-path" "Cargo.toml" "-Zno-index-update", kill_on_drop: false }`
[INFO] [stderr]     Blocking waiting for file lock on package cache
[INFO] [stderr]     Updating git repository `https://github.com/RustyGecko/rust-alloc.git`
[INFO] [stderr]     Updating git repository `https://github.com/RustyGecko/cmsis.git`
[INFO] [stderr]     Updating git repository `https://github.com/RustyGecko/rust-collections.git`
[INFO] [stderr]     Updating git repository `https://github.com/RustyGecko/rust-core.git`
[INFO] [stderr]     Updating git repository `https://github.com/RustyGecko/emdrv.git`
[INFO] [stderr]     Updating git repository `https://github.com/RustyGecko/emlib.git`
[INFO] [stderr]     Updating git repository `https://github.com/RustyGecko/kits.git`
[INFO] [stderr]     Updating git repository `https://github.com/RustyGecko/rust-libc.git`
[INFO] [stderr]     Updating git repository `https://github.com/RustyGecko/modules.git`
[INFO] [stderr]     Updating git repository `https://github.com/RustyGecko/sensors.git`
[INFO] [stderr]     Updating git repository `https://github.com/sondrele/rust-src.git`
[INFO] [stderr]     Updating git repository `https://github.com/sondrele/gcc-rs.git`
[INFO] [stderr]     Updating git repository `https://github.com/RustyGecko/rust-unicode.git`
[INFO] [stderr]     Updating git repository `https://github.com/RustyGecko/rlibc.git`
[INFO] [stderr]     Updating git repository `https://github.com/RustyGecko/startup.git`
[INFO] running `Command { std: "/workspace/cargo-home/bin/cargo" "+af3c6e733a40e671550e0f0f5aeecaa13772ba56" "fetch" "--locked" "--manifest-path" "Cargo.toml", kill_on_drop: false }`
[INFO] [stderr]     Blocking waiting for file lock on package cache
[INFO] [stderr]     Blocking waiting for file lock on package cache
[INFO] running `Command { std: "docker" "create" "-v" "/var/lib/crater-agent-workspace/builds/worker-1/target:/opt/rustwide/target:rw,Z" "-v" "/var/lib/crater-agent-workspace/builds/worker-1/source:/opt/rustwide/workdir:ro,Z" "-v" "/var/lib/crater-agent-workspace/cargo-home:/opt/rustwide/cargo-home:ro,Z" "-v" "/var/lib/crater-agent-workspace/rustup-home:/opt/rustwide/rustup-home:ro,Z" "-e" "SOURCE_DIR=/opt/rustwide/workdir" "-e" "CARGO_TARGET_DIR=/opt/rustwide/target" "-e" "CARGO_HOME=/opt/rustwide/cargo-home" "-e" "RUSTUP_HOME=/opt/rustwide/rustup-home" "-w" "/opt/rustwide/workdir" "-m" "1610612736" "--user" "0:0" "--network" "none" "rustops/crates-build-env@sha256:d92eaeed33fa75130ca1ee6c8a01d1ffb62bac859dfdfb3450e3e5d1c0146529" "/opt/rustwide/cargo-home/bin/cargo" "+af3c6e733a40e671550e0f0f5aeecaa13772ba56" "metadata" "--no-deps" "--format-version=1", kill_on_drop: false }`
[INFO] [stdout] 1f43a212c6316fd024c2a281058b531bb94e4e78abdf1a4529e97181c6658cdb
[INFO] [stderr] WARNING: Your kernel does not support swap limit capabilities or the cgroup is not mounted. Memory limited without swap.
[INFO] running `Command { std: "docker" "start" "-a" "1f43a212c6316fd024c2a281058b531bb94e4e78abdf1a4529e97181c6658cdb", kill_on_drop: false }`
[INFO] running `Command { std: "docker" "inspect" "1f43a212c6316fd024c2a281058b531bb94e4e78abdf1a4529e97181c6658cdb", kill_on_drop: false }`
[INFO] running `Command { std: "docker" "rm" "-f" "1f43a212c6316fd024c2a281058b531bb94e4e78abdf1a4529e97181c6658cdb", kill_on_drop: false }`
[INFO] [stdout] 1f43a212c6316fd024c2a281058b531bb94e4e78abdf1a4529e97181c6658cdb
[INFO] running `Command { std: "docker" "create" "-v" "/var/lib/crater-agent-workspace/builds/worker-1/target:/opt/rustwide/target:rw,Z" "-v" "/var/lib/crater-agent-workspace/builds/worker-1/source:/opt/rustwide/workdir:ro,Z" "-v" "/var/lib/crater-agent-workspace/cargo-home:/opt/rustwide/cargo-home:ro,Z" "-v" "/var/lib/crater-agent-workspace/rustup-home:/opt/rustwide/rustup-home:ro,Z" "-e" "SOURCE_DIR=/opt/rustwide/workdir" "-e" "CARGO_TARGET_DIR=/opt/rustwide/target" "-e" "CARGO_INCREMENTAL=0" "-e" "RUST_BACKTRACE=full" "-e" "RUSTFLAGS=--cap-lints=forbid" "-e" "CARGO_HOME=/opt/rustwide/cargo-home" "-e" "RUSTUP_HOME=/opt/rustwide/rustup-home" "-w" "/opt/rustwide/workdir" "-m" "1610612736" "--user" "0:0" "--network" "none" "rustops/crates-build-env@sha256:d92eaeed33fa75130ca1ee6c8a01d1ffb62bac859dfdfb3450e3e5d1c0146529" "/opt/rustwide/cargo-home/bin/cargo" "+af3c6e733a40e671550e0f0f5aeecaa13772ba56" "check" "--frozen" "--all" "--all-targets" "--message-format=json", kill_on_drop: false }`
[INFO] [stdout] 1182fb345de1597319d39e62baef802be8feb0c74a035128cfd34c467325631f
[INFO] [stderr] WARNING: Your kernel does not support swap limit capabilities or the cgroup is not mounted. Memory limited without swap.
[INFO] running `Command { std: "docker" "start" "-a" "1182fb345de1597319d39e62baef802be8feb0c74a035128cfd34c467325631f", kill_on_drop: false }`
[INFO] [stderr]     Checking sensor-tracker v0.1.0 (/opt/rustwide/workdir)
[INFO] [stdout] error[E0259]: the name `core` is defined multiple times
[INFO] [stdout]  --> src/main.rs:6:1
[INFO] [stdout]   |
[INFO] [stdout] 6 | extern crate core;
[INFO] [stdout]   | ^^^^^^^^^^^^^^^^^^ `core` reimported here
[INFO] [stdout]   |
[INFO] [stdout]   = note: `core` must be defined only once in the type namespace of this module
[INFO] [stdout] help: you can use `as` to change the binding name of the import
[INFO] [stdout]   |
[INFO] [stdout] 6 | extern crate core as other_core;
[INFO] [stdout]   |
[INFO] [stdout] 
[INFO] [stdout] 
[INFO] [stdout] error[E0463]: can't find crate for `emlib`
[INFO] [stdout]  --> src/main.rs:7:1
[INFO] [stdout]   |
[INFO] [stdout] 7 | extern crate emlib;
[INFO] [stdout]   | ^^^^^^^^^^^^^^^^^^^ can't find crate
[INFO] [stdout] 
[INFO] [stdout] 
[INFO] [stdout] error[E0259]: the name `core` is defined multiple times
[INFO] [stdout]  --> src/main.rs:6:1
[INFO] [stdout]   |
[INFO] [stdout] 6 | extern crate core;
[INFO] [stdout]   | ^^^^^^^^^^^^^^^^^^ `core` reimported here
[INFO] [stdout]   |
[INFO] [stdout]   = note: `core` must be defined only once in the type namespace of this module
[INFO] [stdout] help: you can use `as` to change the binding name of the import
[INFO] [stdout]   |
[INFO] [stdout] 6 | extern crate core as other_core;
[INFO] [stdout]   |
[INFO] [stdout] 
[INFO] [stdout] 
[INFO] [stdout] error[E0463]: can't find crate for `emlib`
[INFO] [stdout]  --> src/main.rs:7:1
[INFO] [stdout]   |
[INFO] [stdout] 7 | extern crate emlib;
[INFO] [stdout]   | ^^^^^^^^^^^^^^^^^^^ can't find crate
[INFO] [stdout] 
[INFO] [stdout] 
[INFO] [stdout] error: aborting due to 2 previous errors
[INFO] [stdout] 
[INFO] [stdout] 
[INFO] [stdout] Some errors have detailed explanations: E0259, E0463.
[INFO] [stdout] 
[INFO] [stdout] For more information about an error, try `rustc --explain E0259`.
[INFO] [stdout] 
[INFO] [stdout] error: aborting due to 2 previous errors
[INFO] [stdout] 
[INFO] [stdout] 
[INFO] [stderr] error: could not compile `sensor-tracker`.
[INFO] [stdout] Some errors have detailed explanations: E0259, E0463.
[INFO] [stdout] 
[INFO] [stderr] 
[INFO] [stdout] For more information about an error, try `rustc --explain E0259`.
[INFO] [stdout] 
[INFO] [stderr] To learn more, run the command again with --verbose.
[INFO] [stderr] warning: build failed, waiting for other jobs to finish...
[INFO] [stderr] error: build failed
[INFO] running `Command { std: "docker" "inspect" "1182fb345de1597319d39e62baef802be8feb0c74a035128cfd34c467325631f", kill_on_drop: false }`
[INFO] running `Command { std: "docker" "rm" "-f" "1182fb345de1597319d39e62baef802be8feb0c74a035128cfd34c467325631f", kill_on_drop: false }`
[INFO] [stdout] 1182fb345de1597319d39e62baef802be8feb0c74a035128cfd34c467325631f
